*h - 48. Calculate the remainder when 32 is divided by w.
10
Suppose -76 - 60 = 4*o. Let w = o - -51. Calculate the remainder when 67 is divided by w.
16
Let f = -59 + 118. Calculate the remainder when f is divided by 16.
11
Suppose -23*n + 25*n - 98 = 0. Calculate the remainder when n is divided by 13.
10
Let r = 56 - 34. Let x(q) = -q**3 - 8*q**2 - 8*q + 1. Calculate the remainder when r is divided by x(-7).
6
Suppose -2*a + 2*k = -22, k - 13 = -a + 4*k. Let r be (-6)/15 - (-44)/a. Calculate the remainder when 26 is divided by 21/((-2)/r + 2).
12
Suppose 34 = 2*j + 14. Let b = j - 10. Suppose -2*a + 5*a - 33 = b. What is the remainder when a is divided by 6?
5
Let g(s) = 5*s**2 - 4*s + 2. Calculate the remainder when 7 is divided by g(1).
1
Suppose 5*l = l + 8. Let k = -2 + 8. What is the remainder when -3 - (2 - (l - -13)) is divided by k?
4
Suppose -4*v = 5*k + 3095, -4*v - 16 = 4. What is the remainder when 2/3 - k/9 is divided by 18?
15
Suppose -5*r + 0 = -25. Calculate the remainder when (-1)/(3/42*-2) is divided by r.
2
Let b(y) be the second derivative of -y**5/20 - y**4/6 - 2*y**3/3 - 3*y. Let z be b(-3). Let p = z + 8. Calculate the remainder when p is divided by 10.
9
Calculate the remainder when 72/(-60)*-2*15 is divided by 13.
10
Let f(m) = -m**2 + 8*m - 5. What is the remainder when 20 is divided by f(4)?
9
Let z(s) = 10*s**3 - 3*s**2 + 2*s + 1. Calculate the remainder when z(2) is divided by 15.
13
Calculate the remainder when 82 is divided by (-54)/(-1)*(-7)/(-21).
10
Calculate the remainder when (46 - 1) + 1/(-1)*1 is divided by 13.
5
Let s be 285/7 + 2/7. Suppose -h + 12 = -3*x + s, 5*h + 10 = 0. Calculate the remainder when 17 is divided by x.
8
Calculate the remainder when (2*-4)/((-8)/76) is divided by 26.
24
Let h = 13 + -7. Suppose b - 1 = h. Calculate the remainder when 13 is divided by b.
6
Let k(l) = -l**3 - 11*l**2 + 8*l - 36. Suppose -u - 131 = -2*x, 0 = x - 2*u - 41 - 17. Let i = x + -46. Calculate the remainder when i is divided by k(-12).
10
Let k(n) = 3*n + 4. Let u(p) = -p + 1. Let b(x) = k(x) + 4*u(x). What is the remainder when b(-9) is divided by 9?
8
Let c(i) = -19*i**3 - 2*i**2 - 2*i - 1. Let q be c(-1). Suppose 12 = 3*x, -5*x + 2*x = -2*t + q. Calculate the remainder when 28 is divided by t.
13
Suppose 0 = -5*y - 2*x + 110, -4*x - 22 = -y - 0*y. Calculate the remainder when 41 is divided by y.
19
What is the remainder when 54 is divided by -3*4/30*-35?
12
Suppose v = 2*v - 70. Suppose 4*k - v = 30. Suppose 2*h + 2*h - 52 = 0. Calculate the remainder when k is divided by h.
12
Calculate the remainder when 11 is divided by 3/((-15)/(-10)) + 1.
2
Let s(v) = v**2 + 8*v + 17. What is the remainder when s(-9) is divided by 9?
8
Calculate the remainder when 149 is divided by (3/12)/(-1) - 157/(-4).
32
Suppose 30 = -9*v + 183. Calculate the remainder when 30 is divided by v.
13
Suppose -2*c + h + 0*h + 10 = 0, 0 = c - 3*h - 5. Suppose -2*q + 4*o = -c*q + 97, 0 = -5*o - 10. What is the remainder when q is divided by 12?
11
Let p = 118 + -106. Let m be 3*(-1)/(-3)*34. Let c = m + -12. Calculate the remainder when c is divided by p.
10
Let z(r) = 8*r. Let v(a) = -7*a. Let s(i) = -7*v(i) - 6*z(i). Suppose 2*l - 4*l = -2*m + 10, -m + 29 = 5*l. Calculate the remainder when m is divided by s(5).
4
Suppose -22 = 5*v - 67. Calculate the remainder when v is divided by 5.
4
Calculate the remainder when 190 + (0 - (2 + -7)) is divided by 66.
63
Let r(c) = -10*c**2 + 1. Let u = 4 - 5. Let v be r(u). Let n = v + 45. Calculate the remainder when n is divided by 19.
17
Let l = 8 - -14. Calculate the remainder when l is divided by 2/(-6) + 74/6.
10
Suppose 3*u - 6*u = 2*v - 30, 5*u - 3*v = 31. Calculate the remainder when 40 is divided by u.
0
Let l(y) = y + 6. Let k be l(-6). Suppose k = m - 0 - 3. Calculate the remainder when (56/(-16))/(1/(-2)) is divided by m.
1
Let u = -8 - -30. Let m = 14 - 6. Calculate the remainder when u is divided by m.
6
Let f(n) = 5*n**2 + 4*n + 2. Suppose -2*x - 2 = -x. Calculate the remainder when 27 is divided by f(x).
13
Let r = 2 + 0. Calculate the remainder when 49 is divided by (238/(-35))/(r/(-5)).
15
Let g = 10 - 2. Calculate the remainder when 33 is divided by g.
1
Suppose 45 + 70 = 5*x. Calculate the remainder when x is divided by 13 - ((3 - 3) + 1).
11
Let f(x) = -x**3 + 5*x**2 + 6*x + 7. What is the remainder when f(5) is divided by 19?
18
Suppose -5*y - 112 = -y. What is the remainder when 37 is divided by 7/y + 82/8?
7
Let y(o) = -o**2 + 7*o + 3. Let m be 3/4 + 30/(-8). Let q = m + 9. What is the remainder when y(q) is divided by 5?
4
Suppose -3*y - 4*g = -4 - 1, 4*y - g - 13 = 0. Suppose -x + 3 = -y. Calculate the remainder when 22 is divided by x.
4
What is the remainder when 30 is divided by (28/(-12) - -3)*12?
6
Let p = 1 - -7. Suppose -o + 15 - 5 = 0. Let x = o + p. What is the remainder when 69 is divided by x?
15
Suppose 2*r - 38 = 2*q, 53 = 3*r + 5*q - 4*q. Let m(f) = -f**2 + 7*f - 1. What is the remainder when r is divided by m(6)?
3
Let t(j) = -j + 10. Suppose -r + 4 + 3 = 0. Let l be t(r). Suppose 0*k - 30 = -l*k. Calculate the remainder when 19 is divided by k.
9
Suppose 121 = g + 13. Let n = g + -74. What is the remainder when n is divided by 12?
10
Suppose -5*c = -z - 71, c = 3*z - 2*c + 189. Let l = z + 85. What is the remainder when 70 is divided by l?
22
Let l(o) = 67*o + 2. Suppose 2*b = b + 3*s + 16, 0 = -b - 5*s - 24. Let a(m) = 5*m - 7. What is the remainder when l(b) is divided by a(5)?
15
Let n be 0/(-1*(-2)/1). Suppose -4*i + n*i + 16 = 0. What is the remainder when i is divided by 2 + (0 - (-2 - -1))?
1
Suppose 3*l - 3*t = -3, 3*l + l = -5*t + 41. Suppose -l*u + 6 + 2 = 0. Let j = -5 - -6. What is the remainder when u is divided by j?
0
Let b = -23 - -47. Suppose t = -5*i + b, -5*i + 3 = -t - 3. What is the remainder when 17 is divided by t?
8
Let v(h) be the first derivative of -h**4/4 - 10*h**3/3 + 5*h**2 + 16*h - 2. What is the remainder when 79 is divided by v(-11)?
25
Let k = 175 + -152. What is the remainder when 54 is divided by k?
8
Suppose -2*g + 5*q + 35 - 5 = 0, 5*q = g - 25. What is the remainder when 22 is divided by g?
2
Let a(q) = -8*q**2 + 4*q - 2. Let l be a(2). Let s = l + 67. What is the remainder when s is divided by 11?
8
Suppose 3*l + 2*b + 2 = 12, 0 = 3*l - 2*b - 14. What is the remainder when 9 is divided by l?
1
Let t(h) = h**2 + 5*h - 4. Let u be t(-6). Suppose u*v + 1 = 9. What is the remainder when v*(1 - (-11)/2) is divided by 9?
8
Let z = 7 - -7. Calculate the remainder when 54 is divided by z.
12
Let y = -11 + 27. Suppose -v + y = -0*v. Suppose -7*b + 4*b + 27 = 0. What is the remainder when v is divided by b?
7
Let q = -75 + 125. What is the remainder when q is divided by 17?
16
Suppose 0 = 3*g - 23 - 4. Suppose 0 = b + 7*b - 280. What is the remainder when b is divided by g?
8
Let p = 130 + -56. Calculate the remainder when p is divided by 13.
9
Suppose -3*p - 4*f = -28, -4*f + 70 - 10 = 5*p. Suppose -j - 4 = 3*d, -d + 2*d + j + 2 = 0. What is the remainder when p is divided by (-7 - -14) + (-2 - d)?
4
Suppose -10*c + 12 = -8*c. Suppose 5*v + 7 = g + 4*v, 2*v = -5*g. What is the remainder when c is divided by g?
0
Let x = -1 + 5. Suppose 0 = -4*o - 0*g - 5*g - 5, 1 = x*o - g. Suppose 5*p + 13 - 38 = o. Calculate the remainder when p is divided by 2.
1
Let k = -4 + 5. Calculate the remainder when k*3/(-3) + 31 is divided by 16.
14
Let j(z) = -z**3 - 6*z**2 - 7*z - 5. Let b(n) = n**3 - 2*n**2 - 7*n + 15. Calculate the remainder when j(-5) is divided by b(3).
2
Let t = 22 - 10. Calculate the remainder when 23 is divided by t.
11
Suppose 2*t = -t + 2*g + 330, 0 = -3*t + g + 327. Let b = t + -59. What is the remainder when b is divided by 25?
24
Suppose -4*w = -37 + 13. Suppose -5*t + 11 = 4*m + 4, -2*m + 5 = t. Calculate the remainder when w is divided by m.
0
Suppose -3*f = -4*f + 19. Let a(w) = w + 65. Let h be a(0). Suppose 5*l + h = 2*d + 2*d, -3*d - 2*l = -20. Calculate the remainder when f is divided by d.
9
Let v = 23 - 15. What is the remainder when v is divided by 3?
2
Let a = 9 + -7. What is the remainder when (22 + -1)/(a/4) is divided by 22?
20
Let t(c) = c**3 - 7*c**2 + 6*c + 7. Let d(p) be the first derivative of 